0111100001100100
In base 3, what is 11 + -10001210111?
-10001210100
In base 8, what is -661 - 107243?
-110124
In base 13, what is 11c + 552469?
552588
In base 13, what is -51 - -95bb3?
95b62
In base 8, what is -417347413 - 12?
-417347425
In base 2, what is 10 - -11011010000111011011?
11011010000111011101
In base 5, what is -3100312 + 1343?
-3043414
In base 14, what is 8a026c7 - -b?
8a026d4
In base 15, what is 65b1b + 116?
65c32
In base 2, what is 110001110111010111011100011110 - 11?
110001110111010111011100011011
In base 3, what is -222012221 - -211102?
-221101112
In base 6, what is -50202 - -4044?
-42114
In base 14, what is 2d548 + b69?
302b3
In base 9, what is -344353 - 107?
-344461
In base 15, what is 136 + -178077?
-177e41
In base 13, what is 27 + -73549?
-73522
In base 6, what is 302 + 424511?
425213
In base 14, what is -26 - -1ddc13?
1ddbcb
In base 4, what is -2 - -103320323131?
103320323123
In base 14, what is -2cd - bb6bc?
-bb9ab
In base 5, what is 2 + -330011210?
-330011203
In base 3, what is 1200 - -12200020211?
12200022111
In base 16, what is 1e33f5 + -4b?
1e33aa
In base 5, what is 211102410422 - 2?
211102410420
In base 8, what is 2 + 10372003?
10372005
In base 14, what is 1 + 33844b?
33844c
In base 8, what is 4 + -4134422?
-4134416
In base 15, what is -2 + -1034a29?
-1034a2b
In base 5, what is -1201224040 - 111?
-1201224201
In base 2, what is 1000110001011010 - -110000?
1000110010001010
In base 2, what is -111011001001110110101001 - -1000?
-111011001001110110100001
In base 8, what is -2 + 4036517?
4036515
In base 13, what is 2 - c3177?
-c3175
In base 15, what is -242b530 - -1?
-242b52e
In base 14, what is -58a26bd - -2?
-58a26bb
In base 15, what is -143a485 + -5?
-143a48a
In base 7, what is -2115 - -302644?
300526
In base 2, what is -1100011110101010001101 - -110?
-1100011110101010000111
In base 5, what is -104022 + -4243120?
-4402142
In base 7, what is -40026562 - -4?
-40026555
In base 14, what is 5 + 2d867c5?
2d867ca
In base 13, what is 2305ac6 - 3?
2305ac3
In base 15, what is 3 + 251806?
251809
In base 7, what is -1306152 - -526?
-1305323
In base 11, what is a2917513 - 4?
a291750a
In base 15, what is -312 - -1ae91?
1ab7e
In base 6, what is 100310443 + 5?
100310452
In base 3, what is -1121 - 212211012210?
-212211021101
In base 10, what is 498107 + 508?
498615
In base 9, what is 5 + -12835031?
-12835025
In base 10, what is 670329 - 2?
670327
In base 15, what is 16 + 353c7?
353dd
In base 6, what is -11013 + 1503?
-5110
In base 11, what is -2226443 - 4?
-2226447
In base 12, what is 15384688 - 4?
15384684
In base 2, what is -111100 - -100101000011101000011?
100101000011100000111
In base 13, what is 14c707 + -88?
14c64c
In base 10, what is -137 - 1987199?
-1987336
In base 8, what is -3 - -41217040?
41217035
In base 14, what is -1c4c - -8b06?
6c98
In base 16, what is 87 - 2e7d4?
-2e74d
In base 6, what is -1023153235 - 2?
-1023153241
In base 13, what is 2b0 - 3a2a?
-374a
In base 6, what is -10215 + 1015252?
1005033
In base 14, what is -3498 + -c1?
-3579
In base 9, what is 264 - 10047?
-8673
In base 16, what is -423 - -1cb10?
1c6ed
In base 5, what is 1142313123 + -2?
1142313121
In base 12, what is 26 + -34b411?
-34b3a7
In base 3, what is 11 + 2210010020211?
2210010020222
In base 4, what is -3 + 130120112232320?
130120112232311
In base 12, what is -3a2 + 423675?
423293
In base 16, what is -1cef7 - 1?
-1cef8
In base 11, what is -1a038 - -5a1?
-19547
In base 6, what is 32 + -31221154?
-31221122
In base 6, what is 0 + -13500342?
-13500342
In base 13, what is -90 - -149727?
149667
In base 11, what is 1124a857 + 1?
1124a858
In base 15, what is 100 - -26aa?
27aa
In base 12, what is -120a9294 + 1?
-120a9293
In base 6, what is 1204 - -12202112?
12203320
In base 13, what is 106 - 12539a?
-125294
In base 6, what is -432505100231 + -2?
-432505100233
In base 13, what is c7866 - 130?
c7736
In base 11, what is 7426 + -22695?
-1626a
In base 10, what is -80 + -3474655?
-3474735
In base 12, what is -1b - -38a3280?
38a3261
In base 9, what is -1204 + -2454?
-3658
In base 2, what is 1001000 + -10111110000000100010?
-10111101111111011010
In base 4, what is -2020311330113 - -3?
-2020311330110
In base 6, what is -4003405540 + -2?
-4003405542
In base 4, what is 1133 - -120213223?
120221022
In base 7, what is 1 - -453510550?
453510551
In base 13, what is 0 + 7156b4?
7156b4
In base 6, what is -222 - 355142012?
-355142234
In base 15, what is -1acda - -13a?
-1aba0
In base 9, what is 774543 - 288?
774244
In base 15, what is -36a - -22220e?
221d94
In base 12, what is -2 + -17b7b6?
-17b7b8
In base 5, what is -144024 + 113244?
-30230
In base 3, what is -11 + 12211201202200?
12211201202112
In base 12, what is 2ba044b19 + 4?
2ba044b21
In base 11, what is 1 + 1855a842?
1855a843
In base 11, what is -2 + -21a46596?
-21a46598
In base 6, what is -105 + 5010134?
5010025
In base 10, what is -982132 - 59?
-982191
In base 5, what is 332 - -12410233?
12411120
In base 7, what is 22250 + -14315?
4632
In base 13, what is c80195 + -b?
c80187
In base 7, what is -1241151446 + 0?
-1241151446
In base 12, what is -42 + -411a2?
-41224
In base 12, what is 1b - 23ba5?
-23b86
In base 2, what is 11010010111010110110100010 + 100?
11010010111010110110100110
In base 11, what is -188 - -269a?
2512
In base 7, what is 11120061263 + -4?
11120061256
In base 10, what is 5 + -56277207?
-56277202
In base 9, what is -1 - 1713831?
-1713832
In base 2, what is 110001001 + 101011101000?
110001110001
In base 15, what is -eb + 622d92?
622c96
In base 3, what is -1112011020002102 - -11?
-1112011020002021
In base 16, what is -4558ed88 - -5?
-4558ed83
In base 8, what is 6255151 + 27?
6255200
In base 4, what is -23 - 232122012?
-232122101
In base 9, what is 1404066 - 17?
1404048
In base 6, what is -2330322 - -10?
-2330312
In base 2, what is 100 - 10000011010110011010?
-10000011010110010110
In base 2, what is 1 - 10000101011101001000?
-10000101011101000111
In base 8, what is 3 + 15267046?
15267051
In base 7, what is 12363612131 + 5?
12363612136
In base 6, what is 20313231030 - 5?
20313231021
In base 7, what is -640320355 - 3?
-640320361
In base 13, what is a14902 + 11?
a14913
In base 13, what is 29 - -53467?
53493
In base 2, what is 10010100000011011100 - 10011?
10010100000011001001
In base 16, what is -5ac8f - -47?
-5ac48
In base 12, what is -2229660 + -6?
-2229666
In base 15, what is -73a + -1672?
-1dac
In base 11, what is -2 - -10529035?
10529033
In base 11, what is 148649 + 67?
148705
In base 15, what is 178d12 + -11?
178d01
In base 6, what is 21530 + -14020?
3510
In base 15, what is 10 - 1c348cb?
-1c348bb
In base 6, what is -4510 + 5512?
1002
In base 4, what is -11130200020 + 2232?
-11130131122
In base 12, what is 4b0 + -8b7?
-407
In base 10, what is 2350 - -212713?
215063
In base 15, what is -62725 - 16b?
-62891
In base 13, what is -45 - 149238?
-149280
In base 4, what is -20313310 - -30?
-20313220
In base 13, what is -610021 - a?
-61002b
In base 6, what is 1053001033021 - 2?
1053001033015
In base 9, what is -4443016 - 4?
-4443021
In base 15, what is -a4d6 - 40?
-a526
In base 2, what is 100100000111110010 + -10110111?
100100000100111011
In base 14, what is 20a8 + -126b?
c3b
In base 10, what is 3407 + 31618?
35025
In base 2, what is -110101001101111011100100 + 1110?
-110101001101111011010110
In base 16, what is -80 - -81b2?
8132
In base 11, what is -74081a8 - -1?
-74081a7
In base 14, what is 1d + 3a4688a?
3a468a9
In base 14, what is -7 + -83524?
-8352b
In base 14, what is 3085a223 - -2?
3085a225
In base 4, what is -12020 - 213000?
-231020
In base 2, what is 1011101001101010110010 - -101110?
1011101001101011100000
In base 14, what is 11c3741a - 4?
11c37416
In base 9, what is 5 + 6366878?
6366884
In base 8, what is 0 + 33141141?
33141141
In base 12, what is -105a9 + -472?
-10a5b
In base 3, what is 210202101211011 + -1?
210202101211010
In base 15, what is -10c8d9ec + -1?
-10c8d9ed
In base 5, what is 11201 + 1224103?
1240304
In base 14, what is -d7 - 73a70?
-73b67
In base 9, what is 23 + -8738330?
-8738306
In base 5, what is 104140421 - -1430?
104142401
In base 7, what is -1301144305 + 4?
-1301144301
In base 6, what is -4414103413 + -3?
-4414103420
In base 5, what is 4033421 - 3033?
4030333
In base 12, what is -4